(-14).
-16
Let a(i) = -8*i - 213. What is a(-26)?
-5
Let n(d) = 123*d**2 + 159*d + 7. Calculate n(-1).
-29
Let c(g) = -3*g**3 + 7*g**2 - 4*g + 4. What is c(2)?
0
Let o(b) = -3*b**3 + 8*b**2 + 6*b - 2. Determine o(3).
7
Let a(i) = 56*i + 75. Give a(-1).
19
Let y(u) = -15*u**2 - 121*u - 17. Give y(-9).
-143
Let k(o) = -23*o - 1418. Give k(-62).
8
Let l(n) = -2*n**2 + 12*n + 85. What is l(-11)?
-289
Let b(r) = -r**3 + 43*r**2 + 42*r + 3. Give b(44).
-85
Let d(c) = 7*c**2 + 213*c - 23. What is d(-27)?
-671
Let h(u) = 8*u**2 - 25*u - 27. Calculate h(5).
48
Let k(j) = -3*j**3 + 82*j**2 + 687*j - 235. What is k(34)?
3
Let k(j) = j - 52. Determine k(51).
-1
Let s(h) = -16*h + 525. What is s(32)?
13
Let i(p) = 21*p + 161. Give i(0).
161
Let p(m) = 12*m + 56. Give p(-24).
-232
Let t(d) = 20*d + 7. What is t(-4)?
-73
Let v(k) = -1441*k + 31693. What is v(22)?
-9
Let m(o) = 10*o**2 + 177*o - 21. What is m(-22)?
925
Let n(w) = 1447*w - 82484. What is n(57)?
-5
Let t(j) = j**3 + 30*j**2 - 4*j - 1224. Determine t(-29).
-267
Let o(l) = 698*l - 1219. Calculate o(2).
177
Let a(r) = r**3 - 186*r**2 + 1421*r + 565. Calculate a(178).
31
Let t(l) = 111*l**2 + 718*l - 717. What is t(1)?
112
Let u(s) = 52*s + 4542. Determine u(-79).
434
Let x(r) = -63*r - 2837. Give x(-45).
-2
Let l(r) = -2*r + 121. Give l(4).
113
Let i(n) = -n**3 + 76*n**2 + 6*n - 484. Give i(76).
-28
Let y(a) = -7*a**3 - 2*a**2 + 130*a - 128. What is y(1)?
-7
Let r(g) = 32*g + 2456. Determine r(-76).
24
Let m(k) = k**2 + 38*k - 26. Calculate m(-10).
-306
Let l(b) = -b**2 - 17*b + 3. Calculate l(-17).
3
Let o(q) = -29*q**2 + 40*q + 84. Give o(-2).
-112
Let x(h) = -84*h + 1605. Give x(18).
93
Let j(h) = 168*h + 15461. Give j(-92).
5
Let b(g) = 2*g**2 - 69*g + 38. Calculate b(19).
-551
Let o(t) = -t**3 - 22*t**2 + 326*t + 173. Determine o(-32).
-19
Let i(m) = -170*m - 2714. Determine i(-16).
6
Let m(u) = 75*u**2 - 512*u - 88. Give m(7).
3
Let l(d) = d**3 - 4*d**2 + 2*d - 7. Determine l(5).
28
Let s(t) = 7*t**3 - 70*t**2 + 6*t - 56. Give s(10).
4
Let o(x) = x**2 - 103*x - 1429. Give o(-12).
-49
Let d(m) = -3*m**3 + 5*m**2 + 15*m - 31. Give d(3).
-22
Let w(d) = 5*d**2 + 18*d - 93. Determine w(5).
122
Let k(u) = -2*u**2 - 291*u - 4900. What is k(-18)?
-310
Let b(w) = -13*w - 534. Calculate b(-41).
-1
Let z(t) = t**2 + 868*t + 10262. Calculate z(-12).
-10
Let i(a) = 3*a + 121. What is i(7)?
142
Let w(f) = 2137*f - 6360. Determine w(3).
51
Let k(c) = 5*c**2 - 96*c - 44. Give k(19).
-63
Let i(o) = -76*o - 68. Calculate i(-1).
8
Let q(p) = -12*p**2 + 790*p + 146. Calculate q(66).
14
Let v(q) = q**2 + 42*q - 209. Give v(-46).
-25
Let i(k) = -k**2 + 74*k - 69. Calculate i(73).
4
Let h(t) = 3269*t + 13014. Give h(-4).
-62
Let m(y) = 93*y**2 + 16*y - 1. Calculate m(-1).
76
Let l(q) = q**3 - 116*q**2 - 1129*q + 528. Determine l(125).
28
Let c(f) = f**3 + 18*f**2 + 39*f - 208. Calculate c(-15).
-118
Let w(z) = 2*z**2 - 233*z - 2632. Determine w(127).
35
Let h(x) = -x**3 + 11*x**2 + 57*x + 2. What is h(15)?
-43
Let q(h) = 24*h + 215. Calculate q(-16).
-169
Let j(r) = 25*r + 119. What is j(-8)?
-81
Let s(l) = -2*l**2 + 2*l + 159. Determine s(16).
-321
Let d(f) = -62*f**2 + 780*f - 1. What is d(13)?
-339
Let j(y) = -2*y**2 + 83*y - 107. What is j(36)?
289
Let a(y) = -2*y**2 + 2668*y - 13297. What is a(5)?
-7
Let b(o) = -o**3 - 4*o**2 - 20*o - 33. Determine b(-2).
-1
Let q(x) = -5*x + 547. What is q(110)?
-3
Let p(z) = 71*z + 4838. What is p(-67)?
81
Let t(o) = o**3 + 13*o**2 - 315*o - 4086. Calculate t(-13).
9
Let a(w) = 2*w**2 - 54*w + 23. Calculate a(27).
23
Let f(b) = -139*b**2 + 938*b + 12. Calculate f(7).
-233
Let g(k) = 2*k**2 - 4*k + 55. What is g(5)?
85
Let w(z) = 67*z**3 + z**2 + 51*z - 52. Calculate w(1).
67
Let v(y) = -5*y**2 + 22*y + 13. Determine v(8).
-131
Let s(z) = 1674*z + 73653. Give s(-44).
-3
Let w(i) = -3*i**3 + 61*i**2 + 48*i - 58. Determine w(21).
68
Let l(o) = -o**3 + 464*o**2 - 13028*o + 3468. What is l(434)?
-4
Let s(a) = 64*a**3 - 26*a**2 - 23*a + 3. Calculate s(-1).
-64
Let l(i) = i**2 - 61*i + 894. Determine l(24).
6
Let t(v) = -1329*v - 9. Give t(0).
-9
Let o(j) = 2*j**3 + 141*j**2 + 988*j - 103. Determine o(-8).
-7
Let b(n) = -74*n + 8119. What is b(110)?
-21
Let z(q) = 13*q + 311. Calculate z(-22).
25
Let h(k) = k**3 - 101*k**2 + 9*k - 367. Give h(101).
542
Let g(j) = 299*j**3 + 6*j**2 - 19*j + 12. Give g(1).
298
Let y(s) = 7*s - 19. Calculate y(-2).
-33
Let v(s) = s**3 - 54*s**2 + 207*s + 1855. Calculate v(49).
-7
Let w(x) = 4*x**3 + 275*x**2 - 59*x + 645. Give w(-69).
-45
Let b(k) = k**3 - 36*k**2 + 46*k - 369. What is b(35)?
16
Let a(q) = 304*q - 4335. What is a(14)?
-79
Let o(q) = q**3 - 87*q**2 + 86*q + 20. Calculate o(86).
20
Let m(w) = 357*w + 3570. Give m(-10).
0
Let r(m) = 20*m + 126. Calculate r(-10).
-74
Let k(w) = w**2 - 57*w + 229. Calculate k(52).
-31
Let u(p) = 2*p**2 + 2*p - 22. Calculate u(-7).
62
Let z(n) = 28*n + 540. What is z(-23)?
-104
Let q(f) = -f**3 + 44*f**2 - 371*f - 101. Give q(33).
-365
Let d(o) = o**3 + 8*o**2 - 75*o - 556. Calculate d(-7).
18
Let s(c) = c**2 - 16*c - 559. Give s(33).
2
Let n(q) = -q**3 - 10*q**2 - 11*q + 51. What is n(-7)?
-19
Let d(i) = 68*i - 97. What is d(4)?
175
Let g(l) = -l**3 - 21*l**2 - 12*l + 28. What is g(-21)?
280
Let m(z) = z**3 - 10*z**2 - 26*z + 72. Determine m(12).
48
Let w(t) = -4*t**3 - 46*t**2 + 38*t + 171. Give w(-12).
3
Let b(g) = -218*g + 1298. What is b(12)?
-1318
Let t(a) = -4*a**2 - 228*a - 231. Calculate t(-56).
-7
Let m(q) = -3*q**3 - 21*q**2 + q + 18. Give m(-7).
11
Let k(i) = -266*i - 527. Calculate k(-2).
5
Let l(z) = -12*z**3 + 1679*z**2 + 142*z - 262. Determine l(140).
18
Let k(v) = -12*v - 70. Determine k(-3).
-34
Let k(u) = -5*u**3 - u**2 + 2*u + 6. Determine k(0).
6
Let c(a) = -399*a - 28687. Determine c(-72).
41
Let h(z) = -z**2 + 87*z + 572. Calculate h(-6).
14
Let d(b) = b**2 + 29*b - 2. Determine d(-12).
-206
Let n(k) = k**3 - 65*k**2 + 242*k + 42. What is n(61)?
-80
Let l(o) = -o**3 - 6*o**2 + 156*o + 639. Give l(-4).
-17
Let d(c) = c**2 - 3*c - 16. Give d(7).
12
Let i(r) = r**3 + 26*r**2 + 168*r + 261. Calculate i(-17).
6
Let p(q) = 7439*q + 119020. Give p(-16).
-4
Let t(n) = -8*n + 20. What is t(-5)?
60
Let t(z) = z**2 - 16*z - 1802. Give t(-35).
-17
Let y(d) = -241*d + 731. Give y(3).
8
Let o(a) = -a**3 - 139*a**2 - 658*a + 1598. Calculate o(-134).
-10
Let p(r) = r**3 - 3*r**2 + 6*r + 16. Calculate p(0).
16
Let g(r) = -r**3 + 73*r**2 - 684*r + 119. What is g(62)?
-5
Let n(j) = -j**3 + 12*j**2 + 112*j + 34. Give n(18).
106
Let j(s) = -227*s - 9288. Calculate j(-41).
19
Let t(o) = 206*o - 17101. What is t(83)?
-3
Let v(s) = -22*s + 558. What is v(24)?
30
Let g(v) = -2*v**2 - 150*v - 1701. Calculate g(-61).
7
Let w(b) = -312*b - 114182. Calculate w(-366).
10
Let t(p) = -p**2 + 26*p - 163. Calculate t(9).
-10
Let b(h) = 2*h**3 - 30*h**2 + 116*h - 44. Give b(7).
-16
Let b(y) = -60*y**2 - 7*y + 5. Give b(1).
-62
Let a(u) = u**2 - 8*u + 4. Give a(1).
-3
Let y(p) = 2*p**2 - 109*p + 742. Give y(10).
-148
Let y(p) = -p**3 + 11*p - 15. Give y(3).
-9
Let r(w) = -w**3 + 120*w**2 + 116*w + 632. Give r(121).
27
Let g(m) = -130*m - 1953. Determine g(-15).
-3
Let y(b) = b**3 + 9*b**2 + b + 59. What is y(-10)?
-51
Let a(i) = 2*i + 171. Determine a(-25).
121
Let h(t) = -59*t + 266. Determine h(25).
-1209
Let s(p) = 153*p**3 + 11*p**2 + 3*p - 2. Give s(-1).
-147
Let z(a) = -a**3 + 252*a**2 - 1237*a + 493. Calculate z(247).
-1
Let s(c) = 2*c**3 + 44*c**2 - 131*c - 4. Calculate s(3).
53
Let c(t) = -t**3 + 18*t**2 - 13*t - 59. What is c(17)?
9
Let f(b) = -41*b + 37. Determine f(-3).
160
Let m(k) = -4*k**2 + 31*k + 282. Determine m(13).
9
Let b(f) = -103*f - 1282. Determine b(-17).
469
Let y(n) = -122*n**2 - 2437*n + 66. What is y(-20)?
6
Let w(i) = -5*i**2 - 152*i + 1315. Calculate w(7).
6
Let v(g) = 73*g + 3790. What is v(-51)?
67
Let w(v) = 97*v**2 + 2*v + 8. Calculate w(-2).
392
Let l(f) = -5*f**2 - 162*f - 488. Calculate l(-29).
5
Let h(n) = -6*n - 98. Determine h(-46).
178
Let r(w) = -175*w**3 - w**2 - w + 2. Give r(1).
-175
Let b(i) = -10*i**3 - 78*i**2 + 23*i + 66. What is b(-8)?
10
Let v(x) = -5*x - 22. Give v(-1).
-17
Let m(k) = k**3 - 7*k**2 - 870*k + 368. What is m(33)?
-28
Let t(z) = -61*z + 1007. Give 